{"id":23,"date":"2019-12-26T14:15:14","date_gmt":"2019-12-26T14:15:14","guid":{"rendered":"https:\/\/ktvschwimmen.de\/?page_id=23"},"modified":"2026-03-30T17:17:14","modified_gmt":"2026-03-30T17:17:14","slug":"start","status":"publish","type":"page","link":"https:\/\/ktvschwimmen.de\/","title":{"rendered":"Herzlich willkommen auf unerer Homepage"},"content":{"rendered":"\n<p>Wir sind die Schwimmabteilung des Karlsruher Turnvereins. Unser Schwerpunkt liegt im Breitensport und in der Arbeit mit Kindern und Jugendlichen.<\/p>\n<div id=\"attachment_74\" style=\"width: 420px\" class=\"wp-caption alignleft\"><a href=\"https:\/\/ktvschwimmen.files.wordpress.com\/2019\/12\/euro1.jpg\"><img loading=\"lazy\" decoding=\"async\" aria-describedby=\"caption-attachment-74\" class=\"wp-image-74 size-full\" src=\"https:\/\/ktvschwimmen.files.wordpress.com\/2019\/12\/euro1.jpg\" alt=\"\" width=\"410\" height=\"152\"><\/a><p id=\"caption-attachment-74\" class=\"wp-caption-text\">Das 25-Meter-Becken im Europabad Karlsruhe<\/p><\/div>\n<p>Unsere Trainingsst\u00e4tte ist das Europabad in Karlsruhe. Es verf\u00fcgt \u00fcber ein 25-Meter-Schwimmbecken und ein Lehrschwimmbecken. Das Bad befindet sich in unmittelbarer N\u00e4he zur Europahalle und zur G\u00fcnther-Klotz-Anlag. Zu erreichen ist es mit den Tram-Linien 2 und 4.<\/p>\n<h2>Das Vereinsgel\u00e4nde des KTV<\/h2>\n<p>Mitten im Hardtwald befindet sich das Vereinsgel\u00e4nde mit de wundersch\u00f6nen Pltzanlage des KTV. Im Sommer l\u00e4dt die Terasse des Reataurants zum verweilen ein. Die Adresse ist:<br>Linkenheimer Allee 8 76131 Karlsruhe<\/p>\n\n\n\n<p><\/p>\n","protected":false},"excerpt":{"rendered":"<p>Wir sind die Schwimmabteilung des Karlsruher Turnvereins. Unser Schwerpunkt liegt im Breitensport und in der Arbeit mit Kindern und Jugendlichen. Unsere Trainingsst\u00e4tte ist das Europabad in Karlsruhe. Es verf\u00fcgt \u00fcber ein 25-Meter-Schwimmbecken und ein Lehrschwimmbecken. Das Bad befindet sich in &hellip; <a href=\"https:\/\/ktvschwimmen.de\/\">Weiterlesen <span class=\"meta-nav\">&rarr;<\/span><\/a><\/p>\n","protected":false},"author":1,"featured_media":0,"parent":0,"menu_order":0,"comment_status":"closed","ping_status":"closed","template":"","meta":{"footnotes":""},"class_list":["post-23","page","type-page","status-publish","hentry"],"_links":{"self":[{"href":"https:\/\/ktvschwimmen.de\/index.php?rest_route=\/wp\/v2\/pages\/23","targetHints":{"allow":["GET"]}}],"collection":[{"href":"https:\/\/ktvschwimmen.de\/index.php?rest_route=\/wp\/v2\/pages"}],"about":[{"href":"https:\/\/ktvschwimmen.de\/index.php?rest_route=\/wp\/v2\/types\/page"}],"author":[{"embeddable":true,"href":"https:\/\/ktvschwimmen.de\/index.php?rest_route=\/wp\/v2\/users\/1"}],"replies":[{"embeddable":true,"href":"https:\/\/ktvschwimmen.de\/index.php?rest_route=%2Fwp%2Fv2%2Fcomments&post=23"}],"version-history":[{"count":11,"href":"https:\/\/ktvschwimmen.de\/index.php?rest_route=\/wp\/v2\/pages\/23\/revisions"}],"predecessor-version":[{"id":151,"href":"https:\/\/ktvschwimmen.de\/index.php?rest_route=\/wp\/v2\/pages\/23\/revisions\/151"}],"wp:attachment":[{"href":"https:\/\/ktvschwimmen.de\/index.php?rest_route=%2Fwp%2Fv2%2Fmedia&parent=23"}],"curies":[{"name":"wp","href":"https:\/\/api.w.org\/{rel}","templated":true}]}}